s(k)?
8
Suppose 18*d = 4*d + 19404. What is the thousands digit of d?
1
Suppose 2*i = -0*i + 12. Let f(x) = 5*x**3 + 2*x**2 - 2*x + 5. Let m(b) = b**3 - b**2 + b + 1. Let w(j) = i*m(j) - f(j). What is the units digit of w(7)?
8
Suppose 4*j + 2*v = -40, -3*j + 2*v = 34 + 10. Let a = j - -23. Suppose a + 61 = 3*g. What is the units digit of g?
4
Let f = -41 - -75. Let s(j) = 40*j - 2. Let o be s(5). Suppose 5*v = 2*q + 2*q + o, 2*q = -v + f. What is the units digit of v?
8
Suppose -13*x + 8*x + 3122 = -3*o, x = o + 626. What is the units digit of x?
2
Let a = 8 + -20. Let q be (1 - a)*6/3. Suppose 0 = -2*z - 3*y + 14, 2*y = 5*z - 28 - q. What is the units digit of z?
0
Suppose 5*l + 83 = -37. Let u = -11 - l. Suppose -3*a = r - u - 7, -5*a + 40 = 5*r. What is the units digit of a?
6
What is the units digit of 10*(5 + (-90)/(-4))?
5
Suppose -3*i + 9 = x - 2*i, -i = -5*x + 63. Let w = -17 + x. What is the units digit of 258/30 + (-2)/w?
9
Let j be (-7)/(-3) - 3/9. Suppose -2*p = j*p + 56. Let q = 4 - p. What is the tens digit of q?
1
Suppose 3 = -3*t + 12. Let p be (1 - t)/((-2)/21). Suppose -p = -4*i + 35. What is the units digit of i?
4
Let s(h) = -h**3 - h**2 - h + 7. Let f(g) = -g + 12. Let p be f(6). Let u be (-3)/p*(0 + 0). What is the units digit of s(u)?
7
Suppose 4*s - 3*i = 1565, 4*s + 464 = -5*i + 2005. What is the tens digit of s?
8
Let j(y) = y + 15. Let r be j(-15). Let a = 6 - 9. What is the tens digit of (r - 1)/(a/72)?
2
Suppose -2*f + 198 = -48. Suppose -2*k - 34 = -3*b - f, 2*k + 5*b - 65 = 0. What is the tens digit of k?
4
Let i(j) = 5*j**2 - 5*j - 7. Let z be i(-2). Suppose -16*k + z*k = 1057. What is the units digit of k?
1
Let o be 3 + (-2 - -3)*0. Suppose -2*u = -3*k - 287, 0*k - 15 = o*k. What is the units digit of u?
6
Suppose 0 = -27*z - 1917 + 16254. What is the tens digit of z?
3
What is the units digit of (-6)/(-4) - (-2)/(-12)*-3?
2
Let i(w) = -381*w - 123. What is the thousands digit of i(-4)?
1
Let t(m) = 528*m**2 - 1. Let j be t(1). Let l = j - 331. What is the units digit of l?
6
What is the thousands digit of (3*1)/((-261)/(-203145))?
2
Let h be 168/(-30) + 3/5. Let o(m) = m**3 + 6*m**2 + 5*m + 3. Let t be o(h). Suppose -b - 3*d = -13, 3 - 12 = -t*d. What is the units digit of b?
4
Let g = -61 - -64. Suppose g*i - 4*i = -11. What is the units digit of i?
1
Let v = -16 - -1527. What is the hundreds digit of v?
5
Let g(t) be the third derivative of 1/3*t**3 - 2*t**2 + 0 + 0*t + 1/24*t**4. What is the units digit of g(0)?
2
Suppose -5*v - 5*s = -2235, 457 = v - 7*s + 6*s. What is the hundreds digit of v?
4
Suppose -w + 6237 = 4*h, -h + 1839 - 264 = -5*w. What is the tens digit of h?
6
Let n = -2220 + 4091. What is the thousands digit of n?
1
Let a be (10/25)/(2/5). Let g be (1 - 1)*a/3. Suppose g*j = -j + 5. What is the units digit of j?
5
Let t(q) = q**2 + 12*q - 16. Let s(p) = -11*p + 16. Let v(h) = 2*s(h) + 3*t(h). What is the tens digit of v(-8)?
6
Let u be 0 + 0 + -5 + 7. Let f be 3 + (-5 + 98)/1. Suppose u*r - f = -0*r. What is the units digit of r?
8
Let g = -18 - -23. Suppose 3*u + 184 = 4*o + u, -227 = -g*o + 4*u. What is the tens digit of o?
4
Suppose 0 = -4*k - y + 413, 0 = 4*k - 3*y - 141 - 252. Suppose -5*s = -2*s - k. Suppose -g + s - 5 = 0. What is the tens digit of g?
2
Let k = -48 + 28. What is the units digit of 352/(-6)*30/k?
8
Let m(x) = x**3 - 10*x**2 - 5*x + 2. Let q be 10 + (-4)/(-16)*4. Let t be m(q). Suppose t + 25 = 3*s. What is the units digit of s?
1
Suppose 2*f - 1026 = -4*l, -770 = -3*l + 2*f - 3*f. What is the hundreds digit of l?
2
Let s(d) = -d**3 + 9*d**2 + 11*d - 7. Let t be s(10). Suppose 0 = t*l - 38 - 28. Suppose -l = -4*j - h - 3, -5*h - 10 = -j. What is the units digit of j?
5
Let h be (-2 - (-4 + 2))/(-4). What is the units digit of h + -3 - (3 + -56)?
0
Let t(f) = f**3 + 46*f**2 + 85*f - 125. What is the thousands digit of t(-43)?
1
Suppose 5*m = -b - 3*b + 1395, 0 = 5*m + 25. What is the hundreds digit of b?
3
What is the tens digit of 296 + -1 - (-14 - -8)?
0
Let k(u) = u**3 + u**2 - 16*u - 9. What is the units digit of k(-4)?
7
Suppose -5*u - 25 = 0, -4*u + u = -3*d + 855. Suppose t - 5*c = 134, c + c = -2*t + d. What is the hundreds digit of t?
1
Suppose 15 = -o - i, -65 = 2*o - 2*i - 3*i. Let b = o + -22. What is the units digit of (2 - 1)/((-3)/b)?
4
Let k(d) = d**3 + 3*d**2 - 3*d - 3. Let p be k(-3). Let h = p - -109. What is the tens digit of h?
1
Let y(u) = 3*u**2 - 10*u - 8. Let q(d) = 10*d - 3*d**2 + 0*d**2 + 7 + d**2. Let f(p) = -4*q(p) - 3*y(p). What is the tens digit of f(-7)?
1
Suppose -9*y = 6791 - 31235. What is the tens digit of y?
1
Suppose -x - x + 24 = 0. Suppose -3*l + x = -0*l. Suppose 4*d - 72 = l*w, 0 = d - 5*w + 18 - 56. What is the units digit of d?
3
Let v = -1068 + 723. Let i = -204 - v. Suppose -90 = -0*l - 3*l + 3*y, -5*l + 2*y + i = 0. What is the units digit of l?
7
Suppose -8*w + 9*w = -10. Let k(p) = -p**2 - 9*p + 15. What is the units digit of k(w)?
5
Let j = -30 - -33. Suppose 5*i - 4*m - 25 = 0, -2*i = j*i + 5*m - 25. Suppose -t - 2*x + 298 = 4*t, -i*x = t - 78. What is the tens digit of t?
5
Let p(c) = 11*c - 4. Suppose 0 = 2*k - 18 + 6. What is the tens digit of p(k)?
6
Let v = 23 + -14. Suppose 4*g - 11 = v. Suppose -157 + 52 = -g*z. What is the tens digit of z?
2
Suppose 110*x = 116*x - 5040. What is the units digit of x?
0
Let x be (-2)/(-5) - 7605/75. What is the tens digit of x/(-2) + (-6)/(-4)?
5
Suppose 60 = -4*i - i. What is the tens digit of (-1)/(-2 - 4) + (-994)/i?
8
Let z(y) = 2*y**2 - 2*y + 525. What is the units digit of z(0)?
5
Suppose -9*z - 5*o = -5*z - 17703, -5*o = z - 4437. What is the tens digit of z?
2
Suppose 248 = 2*g + 2*i, -54 = -2*g + i + 185. What is the tens digit of g?
2
Suppose -k - k = 2*r - 18, -4*r - k = -42. Suppose 7*j - 84 = 3*j. Let p = j - r. What is the units digit of p?
0
Let r be (3 - (-54)/(-3)) + 3. Let w = r + 16. Suppose w*i - 84 = t, -2*t - 28 = -i - 0*t. What is the tens digit of i?
2
Let d be (148/(-6))/((-10)/15). Suppose g = -3*c - d, 4*g - 2*c + 0*c + 92 = 0. Let b = 46 + g. What is the units digit of b?
1
Let v(z) = -5*z**2 + 8*z + 1. Let n(s) = -4*s**2 + 8*s. Let p(o) = -4*n(o) + 3*v(o). Let q(f) = 4*f - 4. Let a be q(3). What is the units digit of p(a)?
3
Suppose -12 = 15*r - 9*r, 2*y = -4*r + 9414. What is the units digit of y?
1
Let t be (-17 - -7)*(-168)/15. Suppose 424 = 2*b + t. What is the units digit of b?
6
Let h(g) = -3*g - 13. Let q be h(-16). Suppose -k + q = 4*k. Suppose -k*w = -2*w - 245. What is the units digit of w?
9
Suppose 4*m + 10 - 14 = 0. What is the units digit of (231/14)/(m/4)?
6
Let u = 25 - 23. Suppose -u*r + 456 = 4*r. What is the units digit of r?
6
Let v(c) = 3*c + 2. Let d be v(2). Suppose -201 = -d*l - 1. What is the tens digit of l?
2
Suppose 3*f = -3*d + 6, -3*f + d = -3*d - 6. Suppose 0 = f*k - 139 - 77. Suppose 2*b - 6*b = -k. What is the units digit of b?
7
Let x = 0 - -24. Suppose -57 = 3*z - 9. What is the units digit of (x/z)/((-6)/92)?
3
What is the tens digit of 4*-1 + (-17)/((-255)/43470)?
9
Let x(z) = -z - 11. Let t be x(-14). Suppose 3*s + 84 - 240 = 4*m, -5*s + 5*m + 260 = 0. Suppose -t*p + 38 + s = 0. What is the units digit of p?
0
Let o(l) = -3*l**2 - 2*l - 6. Let y be o(10). Let g = -180 - y. Suppose -4*t + 5*b = -g, -t - 4*b - 1 + 27 = 0. What is the tens digit of t?
3
Let o(r) = 13*r**2 + 33*r - 104. What is the tens digit of o(-20)?
3
Let p = -190 + 294. Suppose 0 = 2*v - p + 22. What is the units digit of v?
1
Let d(z) = -29*z - 1. What is the tens digit of d(-17)?
9
Suppose 8*k + 1284 = 4*g + 4*k, 15 = -3*k. What is the hundreds digit of g?
3
Suppose x = -x + 8. Suppose x*y + 23 = 7. What is the tens digit of 126/10 + y/(-10)?
1
Suppose -r + 235 = -2*p, -3*p = 3*r - 29 - 721. Suppose 2*x - 2*f - 111 = 39, 3*x + f - r = 0. What is the units digit of x?
0
Suppose 2*x = -3*x - 105. Let b = x + 30. Let q = -6 + b. What is the units digit of q?
3
Suppose -4*z - 18 - 42 = 0. Let a be (9/((-27)/(-24)))/(2/6). Let x = a - z. What is the units digit of x?
9
Suppose 4*x = 2*z + 22, 15 = 3*x - 2*z - 3. Suppose -x*w + 575 = w. What is the hundreds digit of w?
1
Let m be (7/((-14)/(-2)))/(1/(-383)). Let c = -217 - m. What is the hundre